n(i) = -2219*i - 20012. Give n(-9).
-41
Let y(k) = 2*k**2 - 27*k + 81. Give y(11).
26
Let z(n) = -6*n**2 + 56*n - 95. Determine z(7).
3
Let w(s) = 57*s**3 - 11*s**2 - 25*s + 3. What is w(-2)?
-447
Let x(m) = 2*m - 141. Give x(68).
-5
Let i(x) = 28*x - 571. Calculate i(28).
213
Let k(n) = -4*n**3 + 200*n**2 + n - 56. What is k(50)?
-6
Let f(w) = -1131*w - 40740. Calculate f(-36).
-24
Let x(v) = -54*v**2 + 2324*v - 64. Give x(43).
22
Let k(y) = -y**3 + 22*y**2 + 81*y - 150. What is k(25)?
0
Let q(w) = 97*w + 688. What is q(-9)?
-185
Let g(x) = 2*x**3 + 58*x**2 - 64*x - 118. Give g(-30).
2
Let z(b) = -b**3 - 9*b**2 + 44*b + 450. Calculate z(-8).
34
Let k(p) = 2*p**2 + 142*p + 216. What is k(-71)?
216
Let d(o) = -29*o + 1126. Give d(46).
-208
Let q(c) = -2*c**3 - 3*c**2 + 95*c - 67. Determine q(-8).
5
Let j(f) = -2*f**3 + 30*f**2 + 95*f + 229. What is j(18)?
-5
Let p(f) = f**3 - 82*f**2 + 234*f - 5. Determine p(3).
-14
Let s(x) = 2*x**2 + 37*x - 244. Determine s(-24).
20
Let h(i) = i**2 + 84*i + 534. Determine h(-7).
-5
Let s(g) = -48*g + 326. What is s(8)?
-58
Let j(i) = -26438*i + 185066. Determine j(7).
0
Let y(b) = 2*b**3 - 8*b**2 + 6*b - 15. Determine y(6).
165
Let p(m) = -2053*m + 12288. What is p(6)?
-30
Let m(a) = 503*a + 8035. Determine m(-16).
-13
Let g(d) = d**3 - 37*d**2 + 37*d - 18. Give g(36).
18
Let z(f) = 131*f + 6295. What is z(-48)?
7
Let y(j) = 118*j - 623. Calculate y(5).
-33
Let m(t) = t**3 + 13*t**2 - 14*t + 56. Determine m(-15).
-184
Let x(f) = -27*f - 56. What is x(0)?
-56
Let m(d) = 55*d + 37. Determine m(0).
37
Let b(v) = -v**2 - 59*v + 1516. What is b(-73)?
494
Let u(t) = t**3 - 46*t**2 + 84*t - 52. Give u(44).
-228
Let d(t) = 3*t**3 - 39*t**2 + 569*t - 8547. Give d(14).
7
Let s(b) = -b**2 - 49*b - 580. Calculate s(-20).
0
Let f(v) = 4*v**2 + 72*v + 277. Determine f(-11).
-31
Let j(f) = -3*f**3 - 48*f**2 - 61*f + 325. What is j(-14)?
3
Let p(b) = -b**3 + 7*b**2 + 6*b - 138. Determine p(5).
-58
Let r(y) = 6*y**3 - 2*y**2 + 10*y - 10. Give r(0).
-10
Let b(j) = 2*j**3 + 39*j**2 + 20*j + 20. Calculate b(-19).
1
Let q(b) = 91*b - 13387. What is q(147)?
-10
Let g(n) = n**2 + 30*n - 156. Determine g(-36).
60
Let x(p) = -174*p + 8424. What is x(48)?
72
Let p(k) = 5*k**3 - 227*k**2 - 143*k + 227. Calculate p(46).
-3
Let g(m) = m**2 + 66*m + 1053. Give g(-26).
13
Let u(k) = 5*k**2 - 21*k + 31. Calculate u(-4).
195
Let f(d) = -3*d**2 - 49*d - 13. What is f(-11)?
163
Let l(g) = 2*g**2 + 52*g - 924. Determine l(-38).
-12
Let k(h) = 3*h**3 + 24*h**2 + 40*h - 12. Calculate k(-5).
13
Let g(d) = 1054*d - 112781. Give g(107).
-3
Let h(k) = -15*k**2 + 268*k - 451. Determine h(16).
-3
Let n(f) = f + 508. Give n(-43).
465
Let c(q) = -26*q + 684. Calculate c(27).
-18
Let i(g) = -12*g - 123. Determine i(-6).
-51
Let t(u) = -141*u + 33700. Calculate t(239).
1
Let a(h) = -2*h**3 - 63*h**2 + 122*h + 757. What is a(-33)?
-2
Let q(r) = r**3 + r**2 - 14*r - 9. What is q(-4)?
-1
Let j(o) = -o**3 + 25*o**2 - 17*o + 515. What is j(25)?
90
Let l(k) = -k**3 + 13*k**2 - 21*k + 171. Give l(13).
-102
Let s(o) = -o**2 + 82*o + 98. Calculate s(83).
15
Let a(g) = -g**3 + 9*g**2 + 15*g - 2. Give a(-2).
12
Let s(c) = -c**3 + 11*c**2 + 17*c - 109. Determine s(12).
-49
Let k(n) = 56*n + 14. Calculate k(1).
70
Let a(g) = -g**3 + 10*g**2 - 839*g + 4900. Calculate a(6).
10
Let g(f) = 8*f**2 + 39*f + 31. Determine g(-3).
-14
Let l(w) = -32*w + 473. Determine l(15).
-7
Let b(a) = -2*a**3 - 61*a**2 + 915*a + 2219. What is b(-41)?
5
Let m(b) = -28*b + 837. Determine m(51).
-591
Let j(i) = -2*i**3 + 48*i**2 - 91*i + 26. Determine j(22).
-40
Let n(q) = q**2 + 430*q - 5752. What is n(13)?
7
Let m(i) = 37*i + 826. Determine m(-22).
12
Let b(p) = -148*p + 598. What is b(4)?
6
Let r(k) = k**2 + 379*k + 2608. What is r(-7)?
4
Let t(b) = b**2 + 210*b - 422. Calculate t(2).
2
Let i(h) = -h**2 - 17. Determine i(9).
-98
Let k(x) = x**2 + 32*x + 189. Calculate k(-9).
-18
Let q(i) = i - 63. What is q(72)?
9
Let p(o) = -o**3 - 27*o**2 + 51*o + 1995. Give p(-26).
-7
Let o(i) = -47*i**2 - 19*i + 1. Give o(-2).
-149
Let h(t) = 3*t**2 + 8*t - 8. Determine h(-6).
52
Let x(m) = -335*m + 1651. Calculate x(5).
-24
Let r(k) = 65*k - 204. Determine r(3).
-9
Let l(a) = 170*a**2 + 25*a + 10. Determine l(-1).
155
Let o(g) = g**3 + 62*g**2 + 140*g + 4895. What is o(-61)?
76
Let n(s) = s**3 + 6*s**2 + 21*s + 36. Give n(-6).
-90
Let o(i) = -973*i + 15579. Determine o(16).
11
Let l(p) = p**3 + 52*p**2 + 55*p + 50. Give l(-51).
-154
Let u(i) = -2*i**3 - 181*i**2 + 107*i + 1389. What is u(-91)?
-67
Let w(q) = 34*q**3 + 103*q**2 + 5*q. Determine w(-3).
-6
Let b(y) = -473*y - 6640. Give b(-14).
-18
Let k(z) = -15*z + 507. Calculate k(33).
12
Let q(u) = -u**3 - 22*u**2 + 134*u - 41. Give q(-27).
-14
Let d(n) = 6*n + 171. Determine d(-9).
117
Let f(i) = 5*i + 28. What is f(-27)?
-107
Let o(v) = -14*v + 229. Determine o(-3).
271
Let h(v) = -50*v - 127. Determine h(6).
-427
Let m(c) = 201*c - 188. Calculate m(1).
13
Let x(g) = g**3 + 16*g**2 - 88*g - 1197. Calculate x(-17).
10
Let x(s) = 722*s + 21645. What is x(-30)?
-15
Let n(g) = -5*g**2 - 11*g - 6. Calculate n(1).
-22
Let r(c) = -c**3 + 11*c**2 - 6*c - 33. Calculate r(10).
7
Let q(m) = -333*m - 332. Give q(-1).
1
Let g(h) = 3*h**3 - 6*h**2 - 145*h + 25. What is g(8)?
17
Let j(d) = d**3 + 6*d**2 - d - 17. Determine j(-5).
13
Let x(c) = -58*c**2 - 1104*c - 32. What is x(-19)?
6
Let l(y) = 626*y + 650. What is l(-1)?
24
Let v(c) = c**3 + 34*c**2 - 109*c + 76. Determine v(-37).
2
Let d(k) = 11*k**2 - 78*k + 20. Determine d(7).
13
Let x(z) = z**3 + 12*z**2 + 28*z - 15. Give x(-10).
-95
Let x(n) = 3*n + 46. What is x(-8)?
22
Let h(u) = u**2 - 14*u - 964. Calculate h(-25).
11
Let b(u) = -2*u**3 + 3*u**2 + 38*u - 1. Give b(6).
-97
Let u(f) = -2*f**3 - 40*f**2 + 2*f + 140. What is u(-21)?
980
Let c(y) = -33403*y - 100209. What is c(-3)?
0
Let a(h) = -2*h**2 + 29*h - 21. Give a(14).
-7
Let y(v) = 18*v + 197. Give y(-9).
35
Let t(f) = -f**2 + 4610*f - 100934. Give t(22).
2
Let t(u) = 6*u**3 - 67*u**2 - 24*u + 356. Determine t(11).
-29
Let y(a) = 22*a + 131. Give y(-14).
-177
Let s(j) = -j**2 + 13*j + 27. What is s(8)?
67
Let b(u) = 90*u + 562. What is b(-6)?
22
Let g(q) = 2*q**2 + 7*q - 724. Calculate g(17).
-27
Let a(j) = -92*j - 558. Give a(-6).
-6
Let c(b) = 7*b**2 + 109*b - 240. What is c(2)?
6
Let b(p) = -5*p**2 - 82*p - 12. Calculate b(-16).
20
Let c(h) = 2*h**2 - 9*h + 1. What is c(6)?
19
Let v(x) = -x**3 - x**2 + 45*x + 241. Give v(-5).
116
Let f(s) = 10*s - 22. Determine f(3).
8
Let r(z) = z**2 - 39*z - 61. Give r(23).
-429
Let v(z) = z**3 + 163*z**2 - 1558*z - 1725. Calculate v(-172).
-5
Let b(r) = -288*r + 72. What is b(0)?
72
Let z(w) = -w**3 - 5*w**2 - 62*w - 424. Give z(-6).
-16
Let x(l) = -l**3 - 14*l**2 + 10*l + 80. Give x(-15).
155
Let g(l) = 108*l + 67. Determine g(-1).
-41
Let t(d) = 5*d**2 - 65*d + 7. Calculate t(13).
7
Let v(i) = 6*i**3 + i**2 - 10*i - 12. Determine v(-1).
-7
Let b(f) = -62*f + 608. What is b(10)?
-12
Let i(s) = -s**3 + 19*s**2 - 22*s + 390. What is i(19)?
-28
Let u(i) = 2*i**2 - 55*i - 482. Determine u(-7).
1
Let a(f) = -169*f**2 + 3*f + 15. Calculate a(0).
15
Let i(k) = k**2 + 7*k - 124. What is i(-14)?
-26
Let w(c) = 108*c**3 + 212*c**2 + 18*c + 26. Give w(-2).
-26
Let t(h) = -264*h + 10036. What is t(38)?
4
Let d(u) = -27*u + 19. Calculate d(4).
-89
Let l(p) = -228*p - 1606. Give l(-7).
-10
Let x(f) = 31*f + 669. Give x(-22).
-13
Let r(n) = -2*n**2 - 59*n - 78. Calculate r(-29).
-49
Let d(s) = -9*s**3 - 8*s**2 - 6*s - 5. What is d(-3)?
184
Let p(h) = 3*h**2 - 1203*h - 7277. What is p(-6)?
49
Let z(v) = v**2 + 23*v - 42. Calculate z(-25).
8
Let c(z) = 3*z**2 + 318*z + 7906. Determine c(-40).
-14
Let s(u) = -13*u + 527. Determine s(45).
-58
Let w(j) = -j**3 - 28*j**2 + 6*j - 165. Give w(-29).
502
Let g(d) = -7*d**2 - 14*d - 14. Give g(-3).
-35
Let v(x) = -x**3 - 138*x**2 + 1170*x + 291. Calculate v(-146).
-1
Let q(z) = z**3 - 29*z**2 - 61*z + 26. What is q(31)?
57
Let v(u) = u**3 - 66*u**2 + 302*u + 187. Determine v(61).
4
Let g(d) = -2*d**2 + 41*d - 303. What is g(11)?
-94
Let a(o) = -97*o - 7717. Give a(-79).
-54
Let m(x) = 6*x**2 - 68*x - 256. Give m(-3).
2
Let x(s) = 14*s**2 + 4*s + 14. What is x(-5)?
344
Let t(s) = 1